135 - 160?
-22
In base 6, what is 222524 - -4?
222532
In base 10, what is -5 - -21521?
21516
In base 12, what is -5 - -1b523a?
1b5235
In base 2, what is 0 - 11001011000100001?
-11001011000100001
In base 15, what is -a071 + 0?
-a071
In base 16, what is 1 - -36b1?
36b2
In base 6, what is 120 + 2324?
2444
In base 2, what is -1000011000 - -100111011001?
11111000001
In base 7, what is -556641 + 1?
-556640
In base 6, what is -110040051 - -4?
-110040043
In base 5, what is -103341 - -101?
-103240
In base 4, what is 230032320 - 11?
230032303
In base 4, what is 1211 + -20203?
-12332
In base 9, what is 208 + -410?
-201
In base 11, what is -116 + 50?
-76
In base 2, what is 110111101001100 + 1010?
110111101010110
In base 14, what is 81 - 15626?
-15585
In base 9, what is 254113 - 3?
254110
In base 12, what is b20ba1 - 0?
b20ba1
In base 5, what is 4 + 1240434?
1240443
In base 6, what is -34 + -204530?
-205004
In base 13, what is -23c8 + -87?
-2482
In base 10, what is -1 + 1004867?
1004866
In base 3, what is -20102 + 12202?
-200
In base 6, what is -24123 - 1110?
-25233
In base 12, what is -2 - 66807?
-66809
In base 12, what is 5 + -b5107?
-b5102
In base 5, what is 10 - -111022114?
111022124
In base 6, what is -55051 - 23?
-55114
In base 9, what is 447332 - 10?
447322
In base 7, what is -20410632 + 4?
-20410625
In base 2, what is -1000 - -10110011111110010?
10110011111101010
In base 6, what is 2 - 10104134?
-10104132
In base 2, what is -101011010000001 - 0?
-101011010000001
In base 3, what is 210100 - -111?
210211
In base 8, what is 125164 + -2?
125162
In base 6, what is -4 - 143105?
-143113
In base 8, what is 634 + -332?
302
In base 15, what is 111 - 110?
1
In base 3, what is -12 - 211202201?
-211202220
In base 3, what is -2 + 120221011?
120221002
In base 11, what is -2 - 180766?
-180768
In base 10, what is 1 + 794202?
794203
In base 5, what is -344 - 1230444?
-1231343
In base 12, what is 851 - -16b?
a00
In base 12, what is -72 - 98?
-14a
In base 13, what is -4171 - 8?
-4179
In base 7, what is -42 - -3042?
3000
In base 4, what is -3020320011 + -11?
-3020320022
In base 6, what is -4 - 10400?
-10404
In base 11, what is 5192 + -3?
518a
In base 11, what is a801 - 23?
a789
In base 6, what is 1302205 - -11?
1302220
In base 4, what is 113200 + 201?
120001
In base 10, what is -365 - 108?
-473
In base 16, what is -7a67 + -2?
-7a69
In base 4, what is -22112 + -201?
-22313
In base 5, what is -4004023 + 24?
-4003444
In base 10, what is 524 + 2512?
3036
In base 10, what is -37067 + 1?
-37066
In base 8, what is -5 - 1347653?
-1347660
In base 15, what is -20b2 + 6?
-20ab
In base 2, what is 110000010110 + -100?
110000010010
In base 11, what is 29574 - -9?
29582
In base 2, what is -1011111111110 + 101111001?
-1011010000101
In base 11, what is 38 + 841?
879
In base 4, what is -30103 - 3300?
-100003
In base 2, what is 11011111011111111010100 - 101?
11011111011111111001111
In base 11, what is -46 + 433?
398
In base 2, what is 1000010000010 - -1110?
1000010010000
In base 6, what is -105332 - 2?
-105334
In base 5, what is -23300 + 121?
-23124
In base 9, what is -12 + -145557?
-145570
In base 15, what is -9514 + 0?
-9514
In base 2, what is 10100010010010 + 100?
10100010010110
In base 7, what is 161 - -163?
354
In base 8, what is 4250 - 224?
4024
In base 7, what is 5 + -210511?
-210503
In base 9, what is 1 - 60376?
-60375
In base 16, what is 7c424 + 4?
7c428
In base 8, what is 3 + 176441?
176444
In base 2, what is 111001100 - -111111?
1000001011
In base 11, what is 2a05 - 198?
2818
In base 11, what is -34a26 - -1?
-34a25
In base 7, what is -1555 + -112?
-2000
In base 3, what is 1110000 - -12112001?
20222001
In base 8, what is -137 - 125?
-264
In base 6, what is -41111 + 21?
-41050
In base 3, what is 101012121222212 - -11?
101012122000000
In base 13, what is c54ca - -11?
c550b
In base 7, what is -1424 + -252?
-2006
In base 7, what is 23 + -34662?
-34636
In base 15, what is -3 - -46ec?
46e9
In base 11, what is 3764 - 3?
3761
In base 12, what is -11 - -732?
721
In base 15, what is -3 - -1cc8?
1cc5
In base 9, what is -3 + 1628?
1625
In base 4, what is 0 - -11132123?
11132123
In base 7, what is 443 - 103?
340
In base 15, what is 21 - 803?
-7d2
In base 2, what is 10101111111000010 + -100?
10101111110111110
In base 9, what is 664376 - 1?
664375
In base 6, what is -5351050 - -2?
-5351044
In base 14, what is 15c - 130?
2c
In base 6, what is 1 + 454534?
454535
In base 6, what is 5215 - 505?
4310
In base 14, what is -3659 + 299?
-33a0
In base 5, what is -341 + 11303?
10412
In base 9, what is 1 + -3525?
-3524
In base 9, what is 6243276 - 2?
6243274
In base 2, what is -11001111001011 - -100?
-11001111000111
In base 11, what is 1 + -471199?
-471198
In base 13, what is -5 + -1a828?
-1a830
In base 6, what is -5 - 43502?
-43511
In base 6, what is 113 - -2014525?
2015042
In base 8, what is -1 + 173232?
173231
In base 16, what is 2c - 2c?
0
In base 16, what is -ac - -6f?
-3d
In base 11, what is 224a + 9?
2258
In base 4, what is 11333223013 - 3?
11333223010
In base 8, what is -2535 + -32?
-2567
In base 16, what is 0 - -4facf?
4facf
In base 3, what is 100 + -12202221022?
-12202220222
In base 2, what is -10 - -1101000100010?
1101000100000
In base 2, what is 10 + -10111000000010010010?
-10111000000010010000
In base 12, what is a1 - -9a?
17b
In base 8, what is 3 + -204733?
-204730
In base 4, what is 11011 - 2100?
2311
In base 8, what is 1410775 - -1?
1410776
In base 9, what is 1131 + -147?
873
In base 15, what is 2 - -1781a?
1781c
In base 15, what is -806 + e?
-7e7
In base 2, what is 1 + 11010110111010010?
11010110111010011
In base 4, what is 131 - -303211?
310002
In base 11, what is 1005 - -1640?
2645
In base 11, what is -10781a + 6?
-107814
In base 2, what is -10000100 - 10100?
-10011000
In base 12, what is 393 - -22?
3b5
In base 4, what is -11 - 123230112?
-123230123
In base 7, what is 2 - -46114?
46116
In base 4, what is -33311 - -3?
-33302
In base 10, what is -1404 + 8?
-1396
In base 15, what is 2348e + 38?
234c7
In base 11, what is 5aa9 + -101?
59a8
In base 4, what is -300333 - -23?
-300310
In base 16, what is 9a + d6?
170
In base 13, what is -203c + 3?
-2039
In base 12, what is 264932 + -2?
264930
In base 6, what is -15 - 55435?
-55454
In base 15, what is -17c25 - -14?
-17c11
In base 3, what is -1211 + 12022?
10111
In base 15, what is -1e42 + 1d1?
-1c61
In base 15, what is -67 - 7c1?
-838
In base 5, what is 2124110 - -10?
2124120
In base 10, what is -394 + 116?
-278
In base 11, what is 3a + -2452?
-2413
In base 7, what is 2 + 65635?
65640
In base 9, what is 7374 + -168?
7205
In base 10, what is 2257 + -42?
2215
In base 12, what is 22526 + 1?
22527
In base 5, what is -102332401 - 4?
-102332410
In base 6, what is 4001 + 103?
4104
In base 12, what is 13240 + 3?
13243
In base 13, what is -2 + b50c9?
b50c7
In base 12, what is -64 - 2a?
-92
In base 8, what is -3 + -352674?
-352677
In base 5, what is -3002113 + -11?
-3002124
In base 16, what is a6 - -ff?
1a5
In base 11, what is -4 + -6025?
-6029
In base 16, what is -12 - 1d6?
-1e8
In base 13, what is -4 - -23ac7?
23ac3
In base 9, what is -2 - 382662?
-382664
In base 7, what is 60 - -32355?
32445
In base 3, what is -1020 - 1100220?
-1102010
In base 5, what is 43404 + -33?
43321
In base 5, what is 130 + 1102030?
1102210
In base 10, what is -27 - -10904?
10877
In base 8, what is -346 - -51401?
51033
In base 15, what is -bb4 + -e?
-bc3
In base 14, what is a - -37425?
37431
In base 4, what is 12022212 - 20?
12022132
In base 15, what is -1 - -314d?
314c
In base 13, what is -52a50 + 1?
-52a4c
In base 8, what is 367 + 105?
474
In base 15, what is 273b + 3?
273e
In base 3, what is 12020010212 - -10?
12020010222
In base 5, what is 443 + 220?
1213
In base 14, what is 2 - 1c65?
-1c63
In base 3, what is 2211 + 1121012?
1201000
In base 5, what is 12 - -303410333?
303410400
In base 11, what is -164058 - -1?
-164057
In base 13, what is -380b3a - -2?
-380b38
In base 6, what is -4 + 11032033?
11032025
In base 12, what is 30b986 + -1?
30b985
In base 12, what is 351ba + -2?
351b8
In base 6, what is -134 - 441?
-1015
In base 13, what is 5 + 4864?
4869
In base 13, what is 1b3b + -5a?
1ab1
In base 9, what is 7 - 5807?
-5800
In base 12, what is -1b3 + 395?
1a2
In base 11, wh